 i. Let s(w) = -2*w + 1. What is s(u)?
-7
Let f(l) = 17*l**2 - 1. Let k(y) = 2*y**2 + 23*y + 73. Let i be k(-15). Let z = i + -177. Give f(z).
16
Let l(k) = -41*k + 7. Let v(y) = 55*y - 9. Let w(b) = 4*l(b) + 3*v(b). Let g be -7*((-2)/(-2) + 0). Calculate w(g).
-6
Let r(f) = -f**3 + 4*f**2 - 3*f + 1. Let v(t) = -4*t**2 + 30*t + 19. Suppose -88 = 21*l - 32*l. Let w be v(l). Calculate r(w).
1
Let r = -228 - -234. Let k(s) = 16*s**2 + 0*s - 3*s + 4 - 22*s**2 - s**3 + 12*s**2. What is k(r)?
-14
Let t(p) be the first derivative of -6 + 2/3*p**3 + 3/2*p**4 + 0*p + 1/2*p**2. Suppose 50*q = 2*q - 5*q - 53. What is t(q)?
-5
Suppose 2 = -x + 5. Suppose 7 = -2*u - x. Let i(y) = -3*y**2 + 5*y + 6. Let j(m) = -2*m**2 + 4*m + 5. Let r(w) = u*i(w) + 6*j(w). Determine r(1).
2
Let z(q) = 5*q**3 + 7*q**2 + 7*q**3 - 132 - 6*q + 155 + 2*q**3 - 13*q**3. Determine z(-8).
7
Let c = -3 + 1. Let w(t) = 3*t + 1. Let q be ((-1)/6*4)/(32/(-96)). Let n(r) = -16*r - 5. Let i(b) = q*n(b) + 11*w(b). Determine i(c).
-1
Let j(w) be the second derivative of -89*w**3/6 + 667*w**2 - 2*w - 9514. Give j(15).
-1
Let l(n) = -2*n + 1. Suppose -8*o = 564 + 172. Let j = -88 - o. Calculate l(j).
-7
Suppose 489*v - 488*v - 8 = 0. Suppose 84 = v*t + 6*t. Let n(a) = -a**2 + 8*a - 6. What is n(t)?
6
Suppose 4*u + h = 300, 6*h - 11*h - 75 = -u. Let v = 79 - u. Suppose 10*x + 30 = v*x. Let c(s) = s**3 + 4*s**2 - 3*s + 4. Calculate c(x).
-6
Let z(a) be the third derivative of a**5/60 + 3*a**4/4 + 11*a**3/3 + 17*a**2. Let b be z(-17). Let m = 2 + b. Let d(g) = g - 8. Calculate d(m).
-1
Let g(y) = -22*y - 216. Let u be g(-10). Let t(b) = b**3 - 3*b**2 - 3*b - 5. Calculate t(u).
-1
Suppose -24 = 57*m - 63*m. Suppose -2*o = 5*n - 6*n + 7, -27 = m*n + 3*o. Let u(s) = 14*s - 5*s - 1 - 3. What is u(n)?
-31
Suppose 18*q - 111 - 955 = -64*q. Let c(u) = -5*u + 67. Give c(q).
2
Let w(d) be the first derivative of -39 + 7/3*d**3 + 1/4*d**4 + 7*d + 4*d**2. Suppose 5*p + 37 = 7. Determine w(p).
-5
Let x(a) be the second derivative of a**4/12 + a**3/6 + 3*a**2/2 - 865*a. Let u(b) = -b**3 + 6*b**2 - 6*b + 3. Let q be u(5). Let c = q + -2. What is x(c)?
15
Let b(g) = -4*g + 280. Let l(f) = -11*f + 770. Let v(r) = -8*b(r) + 3*l(r). Calculate v(-15).
85
Let c(y) be the first derivative of -4*y**2 - 8*y + 3234. Give c(-1).
0
Suppose -4*r = 6*n - 4*n, 3*r + 6 = -3*n. Let k be (15 - 16)/((-1)/n). Let l(x) = -2*x**2 - 5*x - 2. Give l(k).
-14
Let x(s) = -2*s**3 + 15*s**2 + 203*s. Let k be x(-7). Let i(b) = -b**3 - b**2 + b - 10. Give i(k).
-10
Suppose -5*o + 6*n = -10, -54*n = -58*n. Let w(z) = -3*z**3 - 5*z**2 + 4*z + 1. What is w(o)?
-35
Suppose 5*d + 3 = k, -5*k = 35*d - 38*d + 7. Let s(a) = -3*a**3 + a + 2. Give s(d).
4
Let i(y) = y + 1. Let n be i(-6). Suppose 5*t - 10*t = 0. Let q(r) = t*r - 2*r - 1 - r - 3. Give q(n).
11
Let w(c) = -c**3 - 7*c**2 + 16*c - 10. Suppose -22*n - 42 = -17*n + 3. Give w(n).
8
Let w(a) = 12*a + 10. Let j(o) = -11*o - 12. Let z(k) = -24*k - 25. Let q(p) = 5*j(p) - 3*z(p). Let i(u) = -5*q(u) + 7*w(u). Determine i(-5).
0
Suppose -2*k = 8*k + 80. Suppose -5*n + 5*v + 30 = 0, -3*n + n + 3*v = -16. Let c(f) = 4*f - 24. Let p(b) = -b + 8. Let j(x) = n*c(x) + 7*p(x). Calculate j(k).
0
Let s(w) be the second derivative of -w**5/20 + 25*w**4/12 + 9*w**3/2 - 25*w**2/2 + 3399*w. Determine s(26).
1
Let a(b) be the third derivative of -b**6/120 - 4*b**5/5 - 4*b**4 - 61*b**3/2 + 6*b**2 + 117*b. Give a(-46).
1
Let n(g) = -7*g**2 + 6*g + 2. Let k(p) = p**3 + 36*p**2 - 38*p - 26. Let h be k(-37). Let u(w) = 13*w**2 - 11*w - 4. Let s(j) = h*n(j) + 6*u(j). What is s(2)?
2
Suppose 3*a - 55 = t + 1, 0 = -a - 4*t + 36. Let z(l) = -17*l + 52*l - a*l - 14*l + 2. What is z(6)?
8
Let p(i) = 11 - 447*i + 213*i - 2*i**2 + 200*i. Give p(-17).
11
Let s(v) be the first derivative of v**4/4 - 4*v**3/3 + 60*v**2 - v - 98. Let l(y) be the second derivative of s(y). Calculate l(6).
28
Let q = -33 - -41. Let m(f) = 0*f**2 + 0 - q*f**2 + 9*f**2 - 4 + 2. Determine m(0).
-2
Suppose 5*r = 24*r + 3*r - 220. Let j(v) = v**3 - 8*v**2 - 16*v - 26. Give j(r).
14
Let p(f) = 475 + 37*f**2 - 17*f**2 - 6*f - 485 - 18*f**2. Calculate p(9).
98
Let z(g) = -6 + g**3 - 3*g**2 - 2*g**3 + 11*g**2 + 9*g + g. Let y(u) = -8*u**3 - u**2 + 3*u + 2. Let h be y(-2). Let t be (-16)/h + (-65)/(-7). Determine z(t).
3
Let n(w) = -10*w**3 + 0*w**2 - 4*w**2 + 3*w**2 - 64204 + 64203 + w**2. Suppose -2 = -2*v - 0, 2*v - 5 = 3*a. Give n(a).
9
Let o(d) be the first derivative of 4*d**3/3 + 3*d**2/2 - 6*d + 4127. Calculate o(-2).
4
Let j(o) = o**3 + 9*o**2 + 13*o + 11. Suppose 131*v - 142*v + 22 = 0. Let r be (0/(-5) - v) + -12 + 6. Give j(r).
-29
Let f(i) = 3*i - 2. Let p(m) = m + 1. Let o be p(6). Suppose 77 - o = -35*w. Calculate f(w).
-8
Suppose -3*p + 137 = -2*z, -5*z + 5*p - 395 + 45 = 0. Let t = -79 - z. Let d(f) = -f**2 - 5*f + 9. Determine d(t).
3
Let d(t) = -34*t - 1 - 21 + 31*t + 27. Let m be 0 + 1 - 10*-1. Let n = m - 5. Calculate d(n).
-13
Let z(q) = -q**3 - 7*q**2 - 5*q + 1. Let k = 124 - 121. Let l(f) = -28*f**2 + 2*f + 34*f**2 - 2*f**k - 7*f + 3*f. Let a be l(3). Calculate z(a).
-5
Let o(f) be the third derivative of f**6/360 + f**5/60 - 43*f**3/6 + 49*f**2. Let j(p) be the first derivative of o(p). Determine j(2).
8
Let h(f) = 60*f - 22*f + 730*f**2 - 728*f**2 + 25. Give h(-18).
-11
Let i(k) be the first derivative of -k**3/6 - 8*k**2 + 61*k + 50. Let z(q) be the first derivative of i(q). Give z(0).
-16
Let v(b) = -b**3 - 9*b**2 + 11*b - 17. Suppose 30*g - 7159 = -7459. Give v(g).
-27
Let f be 2*3/9*75. Let u = f + -43. Let g(z) = -2*z - u + z**2 + 9 - 4. Give g(3).
1
Let m(y) = -y**3 - 6*y**2 + 7*y + 7. Suppose -3*o = 5*o - 64. Let r be (-22)/3*(-12)/o. Suppose 2*p - r = j, -j - 4*p + 1 = -0*p. Give m(j).
7
Let p = -1 + 3. Let g(x) = -2*x**2 - x. Let l(z) = 5*z**2 + 7*z - 2. Suppose -4*q + 2 = o, -3*q - o - 4 = -5*q. Let m(k) = q*l(k) + 5*g(k). Calculate m(p).
-18
Let u(s) = -s**3 - 11*s**2 - 11*s - 4. Let i = -291 + 288. Let q be (-2)/(i*(-1)/15). Calculate u(q).
6
Let m(a) = -a**2 + 7*a. Suppose -5*c - p = -267, 0*c + 4*c - 206 = 3*p. Suppose 2*b - 32 - 23 = -x, -b = x - c. Suppose 9*r - x = 3. What is m(r)?
6
Let n = -22 - -18. Let j(m) = 2*m + 9. Let l(z) = 2*z + 8. Let p(h) = -5*j(h) + 6*l(h). Determine p(n).
-5
Let g(q) = 6*q - 25. Let h(f) = -13*f - 98 - 52 + 5*f + 51 + 0*f. Let t be h(-13). Give g(t).
5
Let b(a) = a**2 - 1. Let c(u) = u**2 + 2*u + 14. Let w(s) = 2*b(s) - c(s). What is w(6)?
8
Suppose 6*u + 16 = 28. Suppose 5*d = -3*f - 54, -4*f = 2*d - u + 60. Let m(x) = 2*x - 9. Calculate m(f).
-35
Let f(u) = 5*u + 6. Let z = -189 + 184. Let t(g) = 3*g**2 + 19*g + 14. Let q be t(z). Give f(q).
-24
Let h be 4 - 3*(52/12 + -4). Let j(u) = 69 - 129 + 63 - h*u. Give j(5).
-12
Let o be 118/6 + (-42)/63. Let l(k) = -k**3 + 18*k**2 + 18*k + 27. Let n be l(o). Let r(v) = -n + 2 + 8*v**2 - 20*v**2 + 7. Give r(1).
-11
Let r(y) be the first derivative of -7/3*y**3 + 5*y - 1/2*y**2 + 27 + 1/2*y**4. Let g(f) = f**3 - f**2 + 1. Let t(o) = 3*g(o) - r(o). Give t(-3).
4
Let g(w) = -5*w**2 - 2*w - 1. Suppose 6 = 3*f + 2*v + 3*v, -8 = -4*f - 4*v. Let y(h) = 3*h**2 + h + 1. Let c(j) = f*g(j) + 3*y(j). Give c(0).
1
Let m(t) = -t**3 - 9*t**2 + 13*t - 2. Suppose 220*w + 1206 = -1214. What is m(w)?
97
Let s(p) = -p + 2. Suppose 78*w = 85*w - 1680. Let a be (2/3)/((-20)/w). Determine s(a).
10
Let l(w) = w**2 + 1 - 2*w + 3*w**2 - 2*w**2 + 4. Let s(v) = -5*v**2 + 6*v - 14. Let o(j) = 8*l(j) + 3*s(j). Let r be o(-2). Let z(i) = -5*i - 1. Give z(r).
9
Suppose -10*f + 4*q + 7 = -7*f, 21 = 3*f + 3*q. Let g(n) = 2*n**3 + 2 + 2*n - 4*n**2 - 3*n**3 - f*n**2 + 4*n**2. Let v = -18 + 13. Calculate g(v).
-8
Let c be 67 - ((-1)/3)/(2/(-6)). Let g = c + -77. Let z(l) = l**2 + l + 3. Let x(j) = -3*j**2 - 2*j - 8. Let w(n) = g*z(n) - 4*x(n). Give w(5).
9
Let r(i) = 37*i**3 - 2*i**2 + i. Suppose 4*c + 6 = -2, -18 = w - 3*c. Let l be (w/(-14))/(-6) + 9/7. Calculate r(l).
36
Let l = 4860 - 4844. Let x(k) = k**2 - 14*k - 16. Give x(l).
16
Let v = 2316 + -2312. Let r(u) = -u. Let z(d) = -d**3 + 2*d**2 + 4*d - 1. Let i(l) = 3*r(l) + z(l). Give i(v).
-29
Let q be (2/(-12)*4)/(-6 + 4). Let z(x) be the first derivative of 5/2*x**2 + 3 - 4*x - q*x**3. Determine z(6).
-10
Let t 